-51. Let x = -30 - g. Calculate the greatest common factor of 3 and x.
3
Let d be 2*100/2 - 1. Suppose g + 5*f + 7 = 3*g, 41 = 4*g - f. What is the highest common divisor of g and d?
11
Suppose -c = -j - 13, 0 = 6*c - c - 2*j - 56. Suppose -2*w = 2*w + 4. Let q(p) = 4*p**2 - 2*p - 1. Let t be q(w). What is the highest common factor of c and t?
5
Suppose -5*p = -9 - 1. Let j(t) = -t**2 + 2*t**2 - t + 2 + 42 + p*t. Let i be j(0). What is the highest common divisor of i and 4?
4
Let y(q) = -3*q**2 - 2*q. Let t be y(-2). Let l = -6 - t. Suppose 0 = 5*w, l*x - 9 = -4*w + 45. Calculate the greatest common factor of x and 3.
3
Let t(y) = -y + 11. Let r be t(0). Let z(b) = b**3 - 2*b**2 - 13*b + 11. Let c be z(6). Calculate the greatest common divisor of c and r.
11
Suppose -4*x = -b - 16, 0 = -3*b - 2*x - 2*x + 16. Suppose b = -t + 2*q + 64, -4*t + 4*q + 403 = 155. What is the greatest common divisor of t and 15?
15
Let w = -94 + 110. Calculate the greatest common divisor of w and 80.
16
Suppose -u - 176 = -2*u + w, 176 = u + w. Let l = 51 - 29. Calculate the greatest common factor of l and u.
22
Suppose 30 = 3*y - 5*b - 8, -10 = -5*b. Let a(f) = 3*f**2 + 5*f + 4. Let j be a(-4). What is the greatest common factor of j and y?
16
Let d = 398 + -209. Suppose d = -0*y + y + 5*u, -4*y - 5*u = -726. Suppose -y = 2*z - 4*z - 3*s, -z - 5*s = -86. What is the highest common factor of z and 13?
13
Let o = -10 - -8. Let r(k) = 4*k**2 + 2*k + 1. Let n be r(o). Calculate the greatest common divisor of 13 and n.
13
Suppose 5*y + 15 = 0, -2*r - 2*y + 29 + 45 = 0. Calculate the greatest common factor of 5 and r.
5
Let w = 9 - 4. Suppose 0 = -2*v - 5*k + k - 32, 0 = -w*v - 5*k - 60. Let q be (-160)/v + (1 - 1). Calculate the greatest common divisor of 30 and q.
10
Let t(a) = a**3 - 5*a**2 + 2*a - 4. Let o be t(5). Let k(y) = 3*y + 2. Let j be k(o). What is the greatest common factor of 50 and j?
10
Let x be 14/4*8/7. Suppose 5*w - 212 = -3*a, -x*w - 102 = -3*a + 74. Calculate the highest common divisor of a and 32.
32
Suppose -4*d = -11 - 25. What is the highest common factor of 54 and d?
9
Let n(u) = 11*u - 4. Let b be n(2). Calculate the highest common factor of 24 and b.
6
Let v = -41 - -91. Suppose -v + 134 = q. What is the highest common factor of q and 28?
28
Let t(c) = -c + 4. Let j be t(6). Let b be (j + 1)*(-2 - -1). Suppose 4*q - 20 = -0*q + 4*g, 5 = -5*g. What is the greatest common divisor of b and q?
1
Suppose -4*b + 168 - 108 = 0. Calculate the greatest common factor of b and 6.
3
Suppose -3*a + 2*i = -12 - 248, 4*i - 152 = -2*a. Let b = a - 29. Let n be (-28)/(-10)*4 + 1/(-5). Calculate the greatest common divisor of b and n.
11
Let t(u) = u**2 - 2*u + 5. Let h be t(-3). Calculate the greatest common divisor of 50 and h.
10
Let t be (-40)/30*(-21)/2. Calculate the highest common factor of 14 and t.
14
Let f be 113 - -1 - (-9)/3. Let r = 43 + -30. What is the highest common factor of f and r?
13
Suppose -5*a = -0*d + 4*d - 67, -2*d + 3*a + 17 = 0. Let s(b) = 93*b - 2. Let f be s(1). What is the greatest common divisor of f and d?
13
Let y(s) = -3*s - 25. Let o be y(-18). Calculate the greatest common divisor of o and 29.
29
Suppose -4*p + n = -8 - 0, -8 = -2*n. Suppose -p*h = -28 - 17. Let r(b) = b**3 - b**2 - b + 120. Let f be r(0). What is the greatest common factor of h and f?
15
Suppose 4*j = j + 531. Let v = j - 58. What is the greatest common divisor of v and 17?
17
Let m(c) be the third derivative of 0 + 0*c**4 - 3*c**2 - 1/120*c**6 + 1/2*c**3 + 0*c - 1/20*c**5. Let x be m(-3). What is the highest common factor of 9 and x?
3
Let i be (-161)/(-6) - (-2)/12. Let b be (-6)/i - 40/(-18). Suppose -b*v + 11 = 3. Calculate the greatest common factor of v and 10.
2
Let o = 42 + -22. Calculate the highest common divisor of o and 160.
20
Suppose -3*m = m - 12. Let b = 8 - m. Suppose 4*v - 2 - 18 = 0. Calculate the highest common factor of v and b.
5
Let l(m) = m**3 + 13*m**2 + m + 16. Let z be l(-13). Suppose -z*b + 120 = b. What is the greatest common factor of b and 15?
15
Suppose -35 = 3*t + 5*j, -2*t + 5*j = 3*t + 45. Let o(d) = -14*d - 5. Let i be o(t). Let q be 2*1/(-2) - -16. Calculate the greatest common divisor of q and i.
15
Suppose -2*l - 8 = 2*l, 0 = -3*h - 3*l + 282. Calculate the highest common divisor of h and 12.
12
Suppose -4*v - 5*z + 32 = 0, -z = v + v - 22. Calculate the highest common factor of 26 and v.
13
Let r be (9 - 9) + (-77)/(-1). Suppose p = -2*b - 4*p + 19, 0 = -4*b - 5*p + 33. What is the highest common divisor of b and r?
7
Let o = 6 + -15. Let n = 23 - o. What is the greatest common divisor of n and 4?
4
Let c be -3 - 20/(-7) - 676/(-28). Calculate the greatest common factor of 192 and c.
24
Let w = -3 + 7. Let u be 3*(w/(-2) - -8). Calculate the highest common divisor of u and 90.
18
Let r be (-148)/(-16) + 1/(-4). Let p be (-4)/(-4) + 4*1. Suppose 0 = 2*b - w - 165 + 41, -3*b = p*w - 199. Calculate the greatest common factor of r and b.
9
Let w = 239 + -139. What is the greatest common factor of w and 4?
4
Let z be 20/30 - (-1)/3*34. What is the greatest common divisor of z and 12?
12
Let j(f) = f - 5. Let g be j(5). Suppose g*w + 56 = 4*w. Calculate the highest common divisor of 14 and w.
14
Let s(v) = -3*v**2 + 12. Let x(n) = -3*n**2 - n + 13. Let b(c) = -6*s(c) + 5*x(c). Let a be b(7). What is the highest common divisor of 21 and a?
21
Let h be (-9)/45 - 641/(-5). Let i = -68 + h. What is the highest common factor of i and 15?
15
Let h(f) be the third derivative of -f**6/20 + f**5/20 + f**4/12 - 4*f**2. Let w be h(-2). Calculate the greatest common divisor of 8 and w.
8
Let q(u) be the second derivative of -u**3 + 5*u. Let d = -1 - 3. Let s be q(d). What is the greatest common divisor of 60 and s?
12
Let o be 16/(-56)*-23*7. Calculate the highest common factor of o and 115.
23
Let q be -2*(-3)/(6/(-10)). Suppose 4 = -4*g, 0*x + g - 9 = 2*x. Let y be x/(q/8) + -1. Calculate the greatest common factor of y and 30.
3
Let y(v) = v**3 + 13*v**2 - 2*v - 19. Let a = 19 + -32. Let o be y(a). What is the greatest common factor of 7 and o?
7
Let l be (-1)/(-1) - 1 - (-14 + 2). Calculate the greatest common factor of 168 and l.
12
Let d(u) = -u**3 + 5*u**2 - 2*u. Let q be d(4). Let h = 46 + 26. Calculate the highest common factor of h and q.
8
Suppose 5*m = -p + 10, -5*p - 28 = -3. Suppose 148 = m*y + 40. Suppose y = 5*q - 4*q. What is the greatest common divisor of 9 and q?
9
Suppose -2*j + 73 = -3*g, -j - 3*j - 84 = 4*g. Let x = -14 - g. What is the highest common divisor of 18 and x?
9
Let w be (-1010)/(-8) - (-3)/(-12). Suppose -43 + 113 = 5*p. Calculate the highest common factor of w and p.
14
Let z = 69 + -4. Calculate the highest common factor of z and 26.
13
Suppose 0*w = -3*w + 3*d + 24, 3*w = 5*d + 16. Calculate the highest common factor of w and 84.
12
Suppose 5*b = -8*r + 3*r + 30, 2*r = 2*b - 4. Suppose -3*l - 4 = -b*l. Calculate the highest common divisor of l and 2.
2
Suppose 18*x - 10 = 13*x. What is the highest common factor of x and 10?
2
Suppose -349 = -4*v + 3*a - 106, 183 = 3*v - 2*a. Let c be 0 - -2*(2 - 1). Let n be (-2)/(-4)*9*c. Calculate the highest common divisor of v and n.
9
Let q(p) = 2*p**3 - 3*p**2 - 3*p + 11. Let g be q(5). What is the greatest common divisor of g and 9?
9
Suppose -5*t + 23 = -2. Suppose -7*d + t*v = -2*d - 5, 2*d + v = 17. Calculate the highest common divisor of 9 and d.
3
Let u(o) = -o**3 + 8*o**2 - 5*o - 6. Let a be u(5). Suppose -7*f + a = -3*f. What is the greatest common factor of f and 55?
11
Let p(y) be the third derivative of -y**5/60 + 3*y**4/8 + 3*y**3/2 + 3*y**2. Let i be p(9). What is the highest common divisor of i and 6?
3
Suppose 0*q + 1463 = 7*q. Suppose 76 = 3*c + c. What is the highest common divisor of c and q?
19
Let n = -47 - -181. Let o be n/8 - 2/(-8). Let q be (1 - 0) + (-304)/(-2). Calculate the highest common divisor of q and o.
17
Let v be (-480)/(-6) - 4*(1 - 0). What is the greatest common divisor of v and 38?
38
Let u = 393 + -52. What is the greatest common factor of 31 and u?
31
Suppose -39 + 4 = -5*j. Let o be ((-6)/(-33) - 555/(-33)) + -3. Calculate the highest common divisor of o and j.
7
Suppose -2*y - 525 = -7*y. Let z be ((-6)/8)/(1/(-2